{"id":27,"date":"2020-02-25T11:50:00","date_gmt":"2020-02-25T10:50:00","guid":{"rendered":"http:\/\/dk79rudawa-mloszowa.pl\/?page_id=27"},"modified":"2021-03-17T19:35:20","modified_gmt":"2021-03-17T18:35:20","slug":"etap-ii","status":"publish","type":"page","link":"http:\/\/dk79rudawa-mloszowa.pl\/?page_id=27","title":{"rendered":"Etap II"},"content":{"rendered":"<p>Wykonanie czynno\u015bci i opracowanie dokumentacji zwi\u0105zanych z gospodarowaniem nieruchomo\u015bciami po uzyskaniu decyzji ZRID.<\/p>\n ","protected":false},"excerpt":{"rendered":"<p>Wykonanie czynno\u015bci i opracowanie dokumentacji zwi\u0105zanych z gospodarowaniem nieruchomo\u015bciami po uzyskaniu decyzji ZRID.<\/p>\n","protected":false},"author":1,"featured_media":0,"parent":17,"menu_order":0,"comment_status":"closed","ping_status":"closed","template":"","meta":{"ngg_post_thumbnail":0},"_links":{"self":[{"href":"http:\/\/dk79rudawa-mloszowa.pl\/index.php?rest_route=\/wp\/v2\/pages\/27"}],"collection":[{"href":"http:\/\/dk79rudawa-mloszowa.pl\/index.php?rest_route=\/wp\/v2\/pages"}],"about":[{"href":"http:\/\/dk79rudawa-mloszowa.pl\/index.php?rest_route=\/wp\/v2\/types\/page"}],"author":[{"embeddable":true,"href":"http:\/\/dk79rudawa-mloszowa.pl\/index.php?rest_route=\/wp\/v2\/users\/1"}],"replies":[{"embeddable":true,"href":"http:\/\/dk79rudawa-mloszowa.pl\/index.php?rest_route=%2Fwp%2Fv2%2Fcomments&post=27"}],"version-history":[{"count":7,"href":"http:\/\/dk79rudawa-mloszowa.pl\/index.php?rest_route=\/wp\/v2\/pages\/27\/revisions"}],"predecessor-version":[{"id":620,"href":"http:\/\/dk79rudawa-mloszowa.pl\/index.php?rest_route=\/wp\/v2\/pages\/27\/revisions\/620"}],"up":[{"embeddable":true,"href":"http:\/\/dk79rudawa-mloszowa.pl\/index.php?rest_route=\/wp\/v2\/pages\/17"}],"wp:attachment":[{"href":"http:\/\/dk79rudawa-mloszowa.pl\/index.php?rest_route=%2Fwp%2Fv2%2Fmedia&parent=27"}],"curies":[{"name":"wp","href":"https:\/\/api.w.org\/{rel}","templated":true}]}}