{"id":31,"date":"2020-02-23T11:52:00","date_gmt":"2020-02-23T10:52:00","guid":{"rendered":"http:\/\/dk79rudawa-mloszowa.pl\/?page_id=31"},"modified":"2021-03-17T19:36:21","modified_gmt":"2021-03-17T18:36:21","slug":"etap-iv","status":"publish","type":"page","link":"http:\/\/dk79rudawa-mloszowa.pl\/?page_id=31","title":{"rendered":"Etap IV"},"content":{"rendered":"<p>Sprawowanie nadzoru autorskiego nad realizacj\u0105 przedsi\u0119wzi\u0119cia.<\/p>\n ","protected":false},"excerpt":{"rendered":"<p>Sprawowanie nadzoru autorskiego nad realizacj\u0105 przedsi\u0119wzi\u0119cia.<\/p>\n","protected":false},"author":1,"featured_media":0,"parent":17,"menu_order":-4,"comment_status":"closed","ping_status":"closed","template":"","meta":{"ngg_post_thumbnail":0},"_links":{"self":[{"href":"http:\/\/dk79rudawa-mloszowa.pl\/index.php?rest_route=\/wp\/v2\/pages\/31"}],"collection":[{"href":"http:\/\/dk79rudawa-mloszowa.pl\/index.php?rest_route=\/wp\/v2\/pages"}],"about":[{"href":"http:\/\/dk79rudawa-mloszowa.pl\/index.php?rest_route=\/wp\/v2\/types\/page"}],"author":[{"embeddable":true,"href":"http:\/\/dk79rudawa-mloszowa.pl\/index.php?rest_route=\/wp\/v2\/users\/1"}],"replies":[{"embeddable":true,"href":"http:\/\/dk79rudawa-mloszowa.pl\/index.php?rest_route=%2Fwp%2Fv2%2Fcomments&post=31"}],"version-history":[{"count":2,"href":"http:\/\/dk79rudawa-mloszowa.pl\/index.php?rest_route=\/wp\/v2\/pages\/31\/revisions"}],"predecessor-version":[{"id":622,"href":"http:\/\/dk79rudawa-mloszowa.pl\/index.php?rest_route=\/wp\/v2\/pages\/31\/revisions\/622"}],"up":[{"embeddable":true,"href":"http:\/\/dk79rudawa-mloszowa.pl\/index.php?rest_route=\/wp\/v2\/pages\/17"}],"wp:attachment":[{"href":"http:\/\/dk79rudawa-mloszowa.pl\/index.php?rest_route=%2Fwp%2Fv2%2Fmedia&parent=31"}],"curies":[{"name":"wp","href":"https:\/\/api.w.org\/{rel}","templated":true}]}}